[INFO] cloning repository https://github.com/alexsparrow/rsbf
[INFO] running `Command { std: "git" "-c" "credential.helper=" "-c" "credential.helper=/workspace/cargo-home/bin/git-credential-null" "clone" "--bare" "https://github.com/alexsparrow/rsbf" "/workspace/cache/git-repos/https%3A%2F%2Fgithub.com%2Falexsparrow%2Frsbf", kill_on_drop: false }`
[INFO] [stderr] Cloning into bare repository '/workspace/cache/git-repos/https%3A%2F%2Fgithub.com%2Falexsparrow%2Frsbf'...
[INFO] running `Command { std: "git" "rev-parse" "HEAD", kill_on_drop: false }`
[INFO] [stdout] c58ba7534416b4ee9d26a9590cd3802cc736fdd6
[INFO] checking alexsparrow/rsbf against try#72f88fc4e9458f89516a0b8b0868f3718aec5b47 for pr-74989
[INFO] running `Command { std: "git" "clone" "/workspace/cache/git-repos/https%3A%2F%2Fgithub.com%2Falexsparrow%2Frsbf" "/workspace/builds/worker-11/source", kill_on_drop: false }`
[INFO] [stderr] Cloning into '/workspace/builds/worker-11/source'...
[INFO] [stderr] done.
[INFO] validating manifest of git repo https://github.com/alexsparrow/rsbf on toolchain 72f88fc4e9458f89516a0b8b0868f3718aec5b47
[INFO] running `Command { std: "/workspace/cargo-home/bin/cargo" "+72f88fc4e9458f89516a0b8b0868f3718aec5b47" "read-manifest" "--manifest-path" "Cargo.toml", kill_on_drop: false }`
[INFO] started tweaking git repo https://github.com/alexsparrow/rsbf
[INFO] finished tweaking git repo https://github.com/alexsparrow/rsbf
[INFO] tweaked toml for git repo https://github.com/alexsparrow/rsbf written to /workspace/builds/worker-11/source/Cargo.toml
[INFO] crate git repo https://github.com/alexsparrow/rsbf already has a lockfile, it will not be regenerated
[INFO] running `Command { std: "/workspace/cargo-home/bin/cargo" "+72f88fc4e9458f89516a0b8b0868f3718aec5b47" "fetch" "--locked" "--manifest-path" "Cargo.toml", kill_on_drop: false }`
[INFO] running `Command { std: "docker" "create" "-v" "/var/lib/crater-agent-workspace/builds/worker-11/target:/opt/rustwide/target:rw,Z" "-v" "/var/lib/crater-agent-workspace/builds/worker-11/source:/opt/rustwide/workdir:ro,Z" "-v" "/var/lib/crater-agent-workspace/cargo-home:/opt/rustwide/cargo-home:ro,Z" "-v" "/var/lib/crater-agent-workspace/rustup-home:/opt/rustwide/rustup-home:ro,Z" "-e" "SOURCE_DIR=/opt/rustwide/workdir" "-e" "CARGO_TARGET_DIR=/opt/rustwide/target" "-e" "CARGO_HOME=/opt/rustwide/cargo-home" "-e" "RUSTUP_HOME=/opt/rustwide/rustup-home" "-w" "/opt/rustwide/workdir" "-m" "1610612736" "--user" "0:0" "--network" "none" "rustops/crates-build-env@sha256:d92eaeed33fa75130ca1ee6c8a01d1ffb62bac859dfdfb3450e3e5d1c0146529" "/opt/rustwide/cargo-home/bin/cargo" "+72f88fc4e9458f89516a0b8b0868f3718aec5b47" "metadata" "--no-deps" "--format-version=1", kill_on_drop: false }`
[INFO] [stdout] c248c02db46a9089ec8457c007ab0b9544dff10fdfcd7ca01a6a160e720359ee
[INFO] [stderr] WARNING: Your kernel does not support swap limit capabilities or the cgroup is not mounted. Memory limited without swap.
[INFO] running `Command { std: "docker" "start" "-a" "c248c02db46a9089ec8457c007ab0b9544dff10fdfcd7ca01a6a160e720359ee", kill_on_drop: false }`
[INFO] running `Command { std: "docker" "inspect" "c248c02db46a9089ec8457c007ab0b9544dff10fdfcd7ca01a6a160e720359ee", kill_on_drop: false }`
[INFO] running `Command { std: "docker" "rm" "-f" "c248c02db46a9089ec8457c007ab0b9544dff10fdfcd7ca01a6a160e720359ee", kill_on_drop: false }`
[INFO] [stdout] c248c02db46a9089ec8457c007ab0b9544dff10fdfcd7ca01a6a160e720359ee
[INFO] running `Command { std: "docker" "create" "-v" "/var/lib/crater-agent-workspace/builds/worker-11/target:/opt/rustwide/target:rw,Z" "-v" "/var/lib/crater-agent-workspace/builds/worker-11/source:/opt/rustwide/workdir:ro,Z" "-v" "/var/lib/crater-agent-workspace/cargo-home:/opt/rustwide/cargo-home:ro,Z" "-v" "/var/lib/crater-agent-workspace/rustup-home:/opt/rustwide/rustup-home:ro,Z" "-e" "SOURCE_DIR=/opt/rustwide/workdir" "-e" "CARGO_TARGET_DIR=/opt/rustwide/target" "-e" "CARGO_INCREMENTAL=0" "-e" "RUST_BACKTRACE=full" "-e" "RUSTFLAGS=--cap-lints=forbid" "-e" "CARGO_HOME=/opt/rustwide/cargo-home" "-e" "RUSTUP_HOME=/opt/rustwide/rustup-home" "-w" "/opt/rustwide/workdir" "-m" "1610612736" "--user" "0:0" "--network" "none" "rustops/crates-build-env@sha256:d92eaeed33fa75130ca1ee6c8a01d1ffb62bac859dfdfb3450e3e5d1c0146529" "/opt/rustwide/cargo-home/bin/cargo" "+72f88fc4e9458f89516a0b8b0868f3718aec5b47" "check" "--frozen" "--all" "--all-targets" "--message-format=json", kill_on_drop: false }`
[INFO] [stdout] 9e367b06e564eefe7f38b2cc1aa9944c9a941bb7e6088ecfcf30396e72a794cd
[INFO] [stderr] WARNING: Your kernel does not support swap limit capabilities or the cgroup is not mounted. Memory limited without swap.
[INFO] running `Command { std: "docker" "start" "-a" "9e367b06e564eefe7f38b2cc1aa9944c9a941bb7e6088ecfcf30396e72a794cd", kill_on_drop: false }`
[INFO] [stderr]     Checking rsbf v0.1.0 (/opt/rustwide/workdir)
[INFO] [stdout] warning: trait objects without an explicit `dyn` are deprecated
[INFO] [stdout]   --> src/lib.rs:40:42
[INFO] [stdout]    |
[INFO] [stdout] 40 | fn output(state: &mut State, write: &mut Write) {
[INFO] [stdout]    |                                          ^^^^^ help: use `dyn`: `dyn Write`
[INFO] [stdout]    |
[INFO] [stdout]    = note: `#[warn(bare_trait_objects)]` on by default
[INFO] [stdout] 
[INFO] [stdout] 
[INFO] [stdout] warning: trait objects without an explicit `dyn` are deprecated
[INFO] [stdout]   --> src/lib.rs:72:57
[INFO] [stdout]    |
[INFO] [stdout] 72 | pub fn interpret(s:&str, state: &mut State, write: &mut Write) {
[INFO] [stdout]    |                                                         ^^^^^ help: use `dyn`: `dyn Write`
[INFO] [stdout] 
[INFO] [stdout] 
[INFO] [stdout] error[E0599]: no method named `char_at` found for reference `&str` in the current scope
[INFO] [stdout]   --> src/lib.rs:50:21
[INFO] [stdout]    |
[INFO] [stdout] 50 |             if code.char_at(state.pc) == ']' {
[INFO] [stdout]    |                     ^^^^^^^ method not found in `&str`
[INFO] [stdout] 
[INFO] [stdout] 
[INFO] [stdout] error[E0599]: no method named `char_at` found for reference `&str` in the current scope
[INFO] [stdout]   --> src/lib.rs:74:19
[INFO] [stdout]    |
[INFO] [stdout] 74 |         let c = s.char_at(state.pc);
[INFO] [stdout]    |                   ^^^^^^^ method not found in `&str`
[INFO] [stdout] 
[INFO] [stdout] 
[INFO] [stdout] error: aborting due to 2 previous errors; 2 warnings emitted
[INFO] [stdout] 
[INFO] [stdout] 
[INFO] [stdout] For more information about this error, try `rustc --explain E0599`.
[INFO] [stdout] 
[INFO] [stderr] error: could not compile `rsbf`.
[INFO] [stderr] 
[INFO] [stderr] To learn more, run the command again with --verbose.
[INFO] [stderr] warning: build failed, waiting for other jobs to finish...
[INFO] [stdout] warning: trait objects without an explicit `dyn` are deprecated
[INFO] [stdout]   --> src/lib.rs:40:42
[INFO] [stdout]    |
[INFO] [stdout] 40 | fn output(state: &mut State, write: &mut Write) {
[INFO] [stdout]    |                                          ^^^^^ help: use `dyn`: `dyn Write`
[INFO] [stdout]    |
[INFO] [stdout]    = note: `#[warn(bare_trait_objects)]` on by default
[INFO] [stdout] 
[INFO] [stdout] 
[INFO] [stdout] warning: trait objects without an explicit `dyn` are deprecated
[INFO] [stdout]   --> src/lib.rs:72:57
[INFO] [stdout]    |
[INFO] [stdout] 72 | pub fn interpret(s:&str, state: &mut State, write: &mut Write) {
[INFO] [stdout]    |                                                         ^^^^^ help: use `dyn`: `dyn Write`
[INFO] [stdout] 
[INFO] [stdout] 
[INFO] [stdout] error[E0599]: no method named `char_at` found for reference `&str` in the current scope
[INFO] [stdout]   --> src/lib.rs:50:21
[INFO] [stdout]    |
[INFO] [stdout] 50 |             if code.char_at(state.pc) == ']' {
[INFO] [stdout]    |                     ^^^^^^^ method not found in `&str`
[INFO] [stdout] 
[INFO] [stdout] 
[INFO] [stdout] error[E0599]: no method named `char_at` found for reference `&str` in the current scope
[INFO] [stdout]   --> src/lib.rs:74:19
[INFO] [stdout]    |
[INFO] [stdout] 74 |         let c = s.char_at(state.pc);
[INFO] [stdout]    |                   ^^^^^^^ method not found in `&str`
[INFO] [stdout] 
[INFO] [stdout] 
[INFO] [stdout] error: aborting due to 2 previous errors; 2 warnings emitted
[INFO] [stdout] 
[INFO] [stdout] 
[INFO] [stdout] For more information about this error, try `rustc --explain E0599`.
[INFO] [stdout] 
[INFO] [stderr] error: build failed
[INFO] running `Command { std: "docker" "inspect" "9e367b06e564eefe7f38b2cc1aa9944c9a941bb7e6088ecfcf30396e72a794cd", kill_on_drop: false }`
[INFO] running `Command { std: "docker" "rm" "-f" "9e367b06e564eefe7f38b2cc1aa9944c9a941bb7e6088ecfcf30396e72a794cd", kill_on_drop: false }`
[INFO] [stdout] 9e367b06e564eefe7f38b2cc1aa9944c9a941bb7e6088ecfcf30396e72a794cd
